uppose -3*l + 19 = -y. What is the remainder when 84 is divided by l?
9
Let q(a) = 3*a**2 + 74*a + 47. Calculate the remainder when q(-30) is divided by 24.
23
Suppose 9*f - 11*f + 4 = 0. Suppose 312 = 11*r + f*r. What is the remainder when r is divided by 9?
6
Let f = -7 + 19. Suppose 0 = -3*d - 12, 0*q + q - 4*d - 85 = 0. What is the remainder when q is divided by f?
9
Suppose -7*a + 455 = -252. Let r = a + 38. Calculate the remainder when r is divided by 36.
31
Suppose -3*p + p - 23 = -y, 0 = 5*y - 5*p - 135. Calculate the remainder when 153 is divided by y.
29
What is the remainder when 661 is divided by 16*(8 - 15/2)?
5
Suppose 2*q + 67 = 3*d, -2*d + 34 = -2*q - 2*q. Suppose -x + 5*f - 18 = 63, 3*x + 2*f = -277. Let s = 188 + x. Calculate the remainder when s is divided by d.
22
Let l = 18 - -1. Calculate the remainder when (-394)/(-7) - 4*1/14 is divided by l.
18
Suppose q - 5*m = 83, -10*q + 4*m = -7*q - 238. Let l(o) = o**2 + 5*o - 4. What is the remainder when q is divided by l(-8)?
18
Calculate the remainder when 118 is divided by ((-6)/10)/((-117)/1365).
6
Let u = 680 - 109. Calculate the remainder when u is divided by 22.
21
Let n = -4 + 6. Suppose -369 = -n*m + 191. Suppose 4*x + t = m, 2*x + 2*t - 214 = -74. Calculate the remainder when x is divided by 24.
22
Let u(k) = 14*k - 1. Let j(y) = -29*y + 1. Let p(g) = 4*j(g) + 9*u(g). Let l be p(3). Suppose -l = -o + 16. What is the remainder when 79 is divided by o?
38
Let i = -128 - -65. Let v = -39 - i. Let p = -25 + 95. Calculate the remainder when p is divided by v.
22
Suppose 3*y + 1 = 10. Suppose -y*o + 4*o = 18. What is the remainder when 67 is divided by o?
13
Suppose 0 = 5*c - c - 88. Suppose 0 = -2*f - 8, 5*i - 4*f - 68 = 163. Calculate the remainder when i is divided by c.
21
Suppose 0 = 2*h - 5*c + 7, -14 = -5*h + 5*c + 6. What is the remainder when 107 is divided by h?
8
Let p(l) = -3*l**3 + 2*l**2 + 4*l + 3. Calculate the remainder when 163 is divided by p(-3).
73
Let c(m) = -m - 19. Suppose -80 = 5*z + 2*j + 26, 43 = -2*z - j. What is the remainder when 12 is divided by c(z)?
0
Let t(w) = 52*w**3 - w**2 + 3*w - 2. What is the remainder when 149 is divided by t(1)?
45
Let l = 73 - 5. Calculate the remainder when l is divided by 24.
20
Suppose 4*c - 2 = 10. Let y = c + -2. Suppose -3*w - y = -25. What is the remainder when 23 is divided by w?
7
Suppose 5*a - 80 = -5*y, y + a - 31 = -y. What is the remainder when 22 is divided by y?
7
Let z = -3 + 5. Suppose -45 = -z*r + d - 4*d, -5*d - 16 = -r. Suppose -3*p + 35 = -2*s + 6*s, 2*s = -5*p + r. What is the remainder when 21 is divided by s?
5
Let y(q) = -q**2 - 25*q + 52. Calculate the remainder when y(-24) is divided by 26.
24
Let t = -2349 - -2752. Calculate the remainder when t is divided by 27.
25
Let q(h) = h**2 - 16*h - 22. Let s = -15 + 36. Calculate the remainder when q(21) is divided by s.
20
Let x(w) = -w**2 + 13*w + 21. Calculate the remainder when x(13) is divided by 14.
7
Let h be (-8 - -9)/(2/(-34)). Let t = 8 - h. Calculate the remainder when t is divided by 4.
1
Let z(k) = k**3 + k**2 - 2*k + 3. Let u be z(0). Suppose -9*r + 4*r = 3*l - 53, -3*l - u*r + 45 = 0. What is the remainder when 52 is divided by l?
8
What is the remainder when 32/24*366/4 is divided by 32?
26
Suppose 0*g = -2*g + 44. Let q = -348 - -228. Calculate the remainder when g is divided by ((-1)/(-2))/((-5)/q).
10
Let j(q) = -2*q + 70. Calculate the remainder when j(-10) is divided by 33.
24
Suppose -s + j = -84, -34*j + 29*j = -5. What is the remainder when 300 is divided by s?
45
Let o = 1560 - 1504. What is the remainder when o is divided by 20?
16
Suppose -4*y - 67 + 7 = -2*v, -2*y = v - 38. Calculate the remainder when v is divided by -6*(-1 - 1 - -1).
4
Suppose 5*r + 2*w - 72 = -0*w, -2*r + 28 = w. Suppose 0 = -0*j - 2*j - 8, k + 4*j = -7. Let c = -3 + k. What is the remainder when r is divided by c?
4
Calculate the remainder when 1*(1 + -1 + 79) is divided by (-40)/7*(-203)/58*1.
19
Calculate the remainder when 62 is divided by (1/(-2))/((-2)/(-24)) + 32.
10
Let p(k) = -k - 13. Let m be 73/(-5) + 6/10. What is the remainder when 3 is divided by p(m)?
0
Suppose -b + 11 = -3*z, 2*z + 6 + 28 = 4*b. Let l = 11 - b. Suppose m + 3*m + 2*x = 204, -4*x = l*m - 163. Calculate the remainder when m is divided by 13.
10
Suppose 2*n = 22 + 36. Suppose 2*f + f - 225 = -2*c, 3*f + 207 = 2*c. Let q = -98 + c. Calculate the remainder when n is divided by q.
9
Suppose 7*p - 2*p = -230. Let j = p - -129. What is the remainder when j is divided by 14?
13
Suppose -3*a = -3*w + 63, 0*w + 49 = -2*a - 5*w. Calculate the remainder when 21 is divided by 11/(a/(-8)) + 9.
8
Suppose -119*h + 664 = -115*h. What is the remainder when h is divided by 83?
0
Suppose 1139 = 34*u - 833. Calculate the remainder when 114 is divided by u.
56
Let w be 2/(-9) + (-888)/(-108). Let b = w + -5. Suppose -45 = 3*o - 7*o + 5*a, -32 = -b*o + 2*a. What is the remainder when 28 is divided by o?
8
Let m be 144/40 - (-3)/(-5). Suppose g - 4 + 0 = 0. Calculate the remainder when m + -6 + 19 + -1 is divided by g.
3
Suppose 0 = -2*s + 12 - 4. What is the remainder when (-58)/(-6) + -4 + 65/15 is divided by s?
2
Suppose 5*c - 5*m = 45, 5*c - 57 + 48 = -4*m. What is the remainder when 13 is divided by c?
3
Let i = 437 - 292. What is the remainder when i is divided by 31?
21
Let s be 7 + -4 + (-44)/(-2). What is the remainder when 37 is divided by ((-70)/(-25) - 2)*s?
17
Let i = 36 + -17. Let p = i - 15. Suppose 6*f - 3*f = -2*q + 135, 5*f - 223 = -p*q. Calculate the remainder when f is divided by 16.
15
Let i(g) = -g**3 + 3*g**2 + 4*g + 12. Calculate the remainder when 92 is divided by i(4).
8
Let i(o) = -o**2 + 14*o + 71. What is the remainder when 414 is divided by i(13)?
78
Let d(t) = t**3 - 8*t**2 + 9*t - 18. What is the remainder when d(8) is divided by 31?
23
Let w(r) = -r**3 - 3*r**2 + 3*r + 4. Suppose 0 = 4*z - 0*z + 16. Let n(o) = o**3 - 7*o**2 + 9*o + 13. Calculate the remainder when n(6) is divided by w(z).
7
Suppose 80 = 525*c - 521*c. Calculate the remainder when 76 is divided by c.
16
Let r = -13 - -43. Suppose 3*b + 75 = 282. Suppose 2*k - f = 37, 4*f - 3*f + b = 4*k. What is the remainder when r is divided by k?
14
Let a(d) = 4*d + 80. Let k(p) = -8*p - 161. Let r(l) = -7*a(l) - 3*k(l). Calculate the remainder when 1 - 1 - (-3 + -17) is divided by r(-22).
9
Suppose 0 = h - 3*h - u + 3, -3*h + 5*u = -11. Suppose -17*d + 22*d = 10. Suppose 76 = d*o + h*o. Calculate the remainder when 35 is divided by o.
16
Suppose 7*u - 3*u = 456. Suppose -4*m = 4*z - 72, 5*z - u = -4*m - 24. Suppose -81 - 25 = -2*d. Calculate the remainder when d is divided by z.
17
Let p = 681 + -478. What is the remainder when p is divided by 69?
65
Let c be (-253)/(-22) + 2/4. Let k(z) = -12*z - 1. What is the remainder when k(-3) is divided by c/(-20) - 96/(-10)?
8
Let b be 22/(1*2/4). Suppose t - b = -5*k + 80, -26 = -k + t. What is the remainder when 96 is divided by k?
21
Suppose 7*g - 8*g = -2. Suppose -g*r - r = 0. Suppose r = -5*q + 3*u + 235, 2*q - 2*u + 6*u - 94 = 0. What is the remainder when q is divided by 16?
15
Let v(p) = -5*p**2 - 2*p - 3. Let l be v(-3). Let j = -7 - l. Suppose -2*i = -5*i - 3*u + 51, 5*i + 2*u = 70. Calculate the remainder when j is divided by i.
11
Let u(c) = -3*c + 10. Let n be u(-9). Let w = n + 2. Calculate the remainder when w is divided by 2 - (1 + 1 + -14).
11
Suppose 4*u = -3*s + 477, 5*s = -6*u + 5*u + 795. Let y = 402 - s. Calculate the remainder when y is divided by 49.
47
Let c be ((-12)/(-16))/((-3)/(-20)). Suppose 12 + 58 = c*r. Calculate the remainder when r is divided by 2 - (1 - 6/3).
2
Calculate the remainder when 167 is divided by (59 - 1)/(-7 - -15 - 6).
22
Let r(j) = j**2 + 18*j - 63. Calculate the remainder when 322 is divided by r(-22).
22
Let d(h) = -h**3 + 4*h**2 - 4*h + 4. Let z be d(3). Suppose 25*r = 1410 - 35. What is the remainder when 86 is divided by (38/95)/(z/r)?
20
Suppose 14*b + 334 = 964. Let u = 3 + 10. Calculate the remainder when b is divided by u.
6
Let r = 201 - 199. Suppose 3*n = 3*o - 45, -7*o + n = -r*o - 71. Suppose 4*d + 28 = 2*f, 6 = f - 5*d - 23. Calculate the remainder when o is divided by f.
2
Suppose -r = 3*t + 5 - 4